{"id":74,"date":"2016-12-12T20:42:30","date_gmt":"2016-12-12T20:42:30","guid":{"rendered":"http:\/\/www.oulaistentaksi.fi\/?page_id=74"},"modified":"2026-02-08T11:55:28","modified_gmt":"2026-02-08T11:55:28","slug":"taksimatkan-hinta","status":"publish","type":"page","link":"https:\/\/www.oulaistentaksi.fi\/?page_id=74","title":{"rendered":"Taksimatkan hinta"},"content":{"rendered":"<p>Taksimatkan hintaan vaikuttavat viikonp\u00e4iv\u00e4, vuorokaudenaika, odotusaika, ajettu matka, siihen kulunut aika sek\u00e4 matkustajien lukum\u00e4\u00e4r\u00e4.<strong><br \/>\n<\/strong><\/p>\n<p>1.9.2021 alkaen Traficomin m\u00e4\u00e4r\u00e4yksest\u00e4 kaikkien taksien taksamittareiden on laskettava matkaa<strong> ja<\/strong> aikaa p\u00e4\u00e4llek\u00e4in. Alla n\u00e4kyy kilometritaksat ja aikaveloitus sek\u00e4 esimerkkimatka. Hinnat sis\u00e4lt\u00e4v\u00e4t 13,5% arvonlis\u00e4veron.<\/p>\n<p>Taksimatkan l\u00e4ht\u00f6maksu Ma &#8211; La klo 06-18 v\u00e4lisen\u00e4 aikana on 8,00 e. Muina aikoina l\u00e4ht\u00f6maksu on 11,00 e.<\/p>\n<p><strong>Taksaluokkia on kaksi. Hinnat 1.1.2026 alkaen.<br \/>\n<\/strong><\/p>\n<table border=\"1\" summary=\"\" cellspacing=\"0\" cellpadding=\"0\" align=\"\">\n<tbody>\n<tr>\n<td>\n<div><strong>Taksaluokka<\/strong><\/div>\n<\/td>\n<td>\n<div><strong>Henkil\u00f6it\u00e4<\/strong><\/div>\n<\/td>\n<td>\n<div><strong>euroa\/km <\/strong><\/div>\n<\/td>\n<\/tr>\n<tr>\n<td>\n<div>I<\/div>\n<\/td>\n<td>\n<div>1 &#8211; 4<\/div>\n<\/td>\n<td>\n<div>1,50<\/div>\n<\/td>\n<\/tr>\n<tr>\n<td>\n<div>II<\/div>\n<\/td>\n<td>\n<div>5 &#8211; 8<\/div>\n<\/td>\n<td>2,10<\/td>\n<\/tr>\n<tr>\n<td>\n<div><\/div>\n<\/td>\n<td>\n<div><\/div>\n<\/td>\n<td><\/td>\n<\/tr>\n<tr>\n<td>\n<div><\/div>\n<\/td>\n<td><\/td>\n<td>\n<div><\/div>\n<\/td>\n<\/tr>\n<\/tbody>\n<\/table>\n<p><strong>\u00a0<\/strong><\/p>\n<p>Aikaveloitus on 60,00 e\/h eli 1,00 e\/min. Aikataksaa k\u00e4ytet\u00e4\u00e4n my\u00f6s silloin kun odotetaan asiakasta.<\/p>\n<p><strong>Invataksia<\/strong> edellytt\u00e4v\u00e4st\u00e4 kuljetuksesta voidaan peri\u00e4 22,00 euron lis\u00e4maksu ( avustamislis\u00e4 ).<\/p>\n<p>Isokokoisista esineist\u00e4, kuten suksista, lastenvaunuista ja polkupy\u00f6rist\u00e4 sek\u00e4 el\u00e4inten kuljetuksesta voidaan peri\u00e4 5,00 euron lis\u00e4maksu.<\/p>\n<p><strong>Esimerkkimatka: <\/strong>1 henkil\u00f6, 10 km, 15 min, matka maksaa 41,00 e. ilta\/y\u00f6-aikaan. P\u00e4iv\u00e4ll\u00e4 matka maksaisi 3 euroa v\u00e4hemm\u00e4n. Jos matkaan k\u00e4ytetty aika olisi v\u00e4hemm\u00e4n, my\u00f6s matkan hinta laskisi.<\/p>\n<p>Tavarakuljetusten taksaa ei ole s\u00e4\u00e4delty, niiden arvonlis\u00e4vero on 25,5 %.<\/p>\n","protected":false},"excerpt":{"rendered":"<p>Taksimatkan hintaan vaikuttavat viikonp\u00e4iv\u00e4, vuorokaudenaika, odotusaika, ajettu matka, siihen kulunut aika sek\u00e4 matkustajien lukum\u00e4\u00e4r\u00e4. 1.9.2021 alkaen Traficomin m\u00e4\u00e4r\u00e4yksest\u00e4 kaikkien taksien taksamittareiden on laskettava matkaa ja aikaa p\u00e4\u00e4llek\u00e4in. Alla n\u00e4kyy kilometritaksat ja aikaveloitus sek\u00e4 esimerkkimatka. Hinnat sis\u00e4lt\u00e4v\u00e4t 13,5% arvonlis\u00e4veron. Taksimatkan l\u00e4ht\u00f6maksu Ma &#8211; La klo 06-18 v\u00e4lisen\u00e4 aikana on 8,00 e. Muina aikoina l\u00e4ht\u00f6maksu on 11,00 [&hellip;]<\/p>\n","protected":false},"author":4,"featured_media":0,"parent":0,"menu_order":0,"comment_status":"closed","ping_status":"closed","template":"","meta":[],"_links":{"self":[{"href":"https:\/\/www.oulaistentaksi.fi\/index.php?rest_route=\/wp\/v2\/pages\/74"}],"collection":[{"href":"https:\/\/www.oulaistentaksi.fi\/index.php?rest_route=\/wp\/v2\/pages"}],"about":[{"href":"https:\/\/www.oulaistentaksi.fi\/index.php?rest_route=\/wp\/v2\/types\/page"}],"author":[{"embeddable":true,"href":"https:\/\/www.oulaistentaksi.fi\/index.php?rest_route=\/wp\/v2\/users\/4"}],"replies":[{"embeddable":true,"href":"https:\/\/www.oulaistentaksi.fi\/index.php?rest_route=%2Fwp%2Fv2%2Fcomments&post=74"}],"version-history":[{"count":13,"href":"https:\/\/www.oulaistentaksi.fi\/index.php?rest_route=\/wp\/v2\/pages\/74\/revisions"}],"predecessor-version":[{"id":309,"href":"https:\/\/www.oulaistentaksi.fi\/index.php?rest_route=\/wp\/v2\/pages\/74\/revisions\/309"}],"wp:attachment":[{"href":"https:\/\/www.oulaistentaksi.fi\/index.php?rest_route=%2Fwp%2Fv2%2Fmedia&parent=74"}],"curies":[{"name":"wp","href":"https:\/\/api.w.org\/{rel}","templated":true}]}}