{"id":67,"date":"2016-12-12T11:22:14","date_gmt":"2016-12-12T11:22:14","guid":{"rendered":"http:\/\/www.oulaistentaksi.fi\/?page_id=67"},"modified":"2026-02-08T11:54:14","modified_gmt":"2026-02-08T11:54:14","slug":"yhteystiedot","status":"publish","type":"page","link":"https:\/\/www.oulaistentaksi.fi\/?page_id=67","title":{"rendered":"Yhteystiedot"},"content":{"rendered":"<div style=\"width: 47%; min-width: 200px; margin: 1%; display: inline-block; vertical-align: top;\">Oulaisten Taksipalvelut Oy<br \/>\nRautatienkatu 7<br \/>\n86300 Oulainen<br \/>\nY-tunnus: 0952344-9<br \/>\nS\u00e4hk\u00f6posti: taksi.oulainen@outlook.com<\/div>\n<div style=\"width: 47%; min-width: 200px; margin: 1%; display: inline-block; vertical-align: top;\"><\/div>\n<div style=\"width: 47%; min-width: 200px; margin: 1%; display: inline-block; vertical-align: top;\">Tilaukset: <strong>0100 3020 <\/strong>Puhelun hinta on 1,80 euroa\/puh. +0,90 euroa\/min. +pvm. Jos numero on varattu odota jonossa, ett\u00e4 puheluusi ehdit\u00e4\u00e4n vastata, jonotus on maksuton. Numero vastaa 24h\/vrk, vuoden jokaisena p\u00e4iv\u00e4n\u00e4. Taksin saa my\u00f6s lennosta tai taksiasemalta. Kun taksivalo palaa auto on vapaa. Taksin voi tilata my\u00f6s Otaxi tilaussovelluksella<strong>, <\/strong>jonka voit itse ladata \u00e4lypuhelimeesi.<strong><br \/>\n<\/strong><\/div>\n<div style=\"width: 47%; min-width: 200px; margin: 1%; display: inline-block; vertical-align: top;\"><\/div>\n<div style=\"width: 47%; min-width: 200px; margin: 1%; display: inline-block; vertical-align: top;\"><strong>Kelan korvaamat<\/strong> kuljetukset tilataan numerosta: <strong>0800-93377\u00a0 <\/strong>Puhelu on soittajalle ilmainen. Yhdell\u00e4 puhelulla voit tilata useamman matkan esim. kuntoutusjaksolle. Numero on k\u00e4yt\u00f6ss\u00e4 24h\/vrk vuoden jokaisena p\u00e4iv\u00e4n\u00e4.<\/div>\n<div style=\"width: 47%; min-width: 200px; margin: 1%; display: inline-block; vertical-align: top;\"><\/div>\n<div style=\"width: 47%; min-width: 200px; margin: 1%; display: inline-block; vertical-align: top;\"><\/div>\n<div style=\"width: 47%; min-width: 200px; margin: 1%; display: inline-block; vertical-align: top;\"><\/div>\n<div style=\"width: 47%; min-width: 200px; margin: 1%; display: inline-block; vertical-align: top;\"><\/div>\n","protected":false},"excerpt":{"rendered":"<p>Oulaisten Taksipalvelut Oy Rautatienkatu 7 86300 Oulainen Y-tunnus: 0952344-9 S\u00e4hk\u00f6posti: taksi.oulainen@outlook.com Tilaukset: 0100 3020 Puhelun hinta on 1,80 euroa\/puh. +0,90 euroa\/min. +pvm. Jos numero on varattu odota jonossa, ett\u00e4 puheluusi ehdit\u00e4\u00e4n vastata, jonotus on maksuton. Numero vastaa 24h\/vrk, vuoden jokaisena p\u00e4iv\u00e4n\u00e4. Taksin saa my\u00f6s lennosta tai taksiasemalta. Kun taksivalo palaa auto on vapaa. Taksin voi [&hellip;]<\/p>\n","protected":false},"author":4,"featured_media":0,"parent":0,"menu_order":0,"comment_status":"closed","ping_status":"closed","template":"","meta":[],"_links":{"self":[{"href":"https:\/\/www.oulaistentaksi.fi\/index.php?rest_route=\/wp\/v2\/pages\/67"}],"collection":[{"href":"https:\/\/www.oulaistentaksi.fi\/index.php?rest_route=\/wp\/v2\/pages"}],"about":[{"href":"https:\/\/www.oulaistentaksi.fi\/index.php?rest_route=\/wp\/v2\/types\/page"}],"author":[{"embeddable":true,"href":"https:\/\/www.oulaistentaksi.fi\/index.php?rest_route=\/wp\/v2\/users\/4"}],"replies":[{"embeddable":true,"href":"https:\/\/www.oulaistentaksi.fi\/index.php?rest_route=%2Fwp%2Fv2%2Fcomments&post=67"}],"version-history":[{"count":21,"href":"https:\/\/www.oulaistentaksi.fi\/index.php?rest_route=\/wp\/v2\/pages\/67\/revisions"}],"predecessor-version":[{"id":308,"href":"https:\/\/www.oulaistentaksi.fi\/index.php?rest_route=\/wp\/v2\/pages\/67\/revisions\/308"}],"wp:attachment":[{"href":"https:\/\/www.oulaistentaksi.fi\/index.php?rest_route=%2Fwp%2Fv2%2Fmedia&parent=67"}],"curies":[{"name":"wp","href":"https:\/\/api.w.org\/{rel}","templated":true}]}}